 - 4*c**2 - 4*c - 1. What is the units digit of v(d)?
5
Let u(i) = i**2 + 7*i + 7. Let h(b) = -b**2 - 6*b - 8. Let z(q) = -2*h(q) - 3*u(q). What is the units digit of z(-6)?
3
Let u be (-4)/(-3)*(1 + 17). Let a = -2 + u. What is the units digit of a?
2
Let i be (9/3)/(6/(-8)). What is the units digit of (-1 + 2/i)*-2?
3
Let m = 2 - -21. What is the tens digit of m?
2
Let v(u) = -11 + 3*u + 0 - u. What is the units digit of v(10)?
9
Let n = 96 + -43. What is the tens digit of n?
5
Let n(p) = p**3 + 7*p**2 + 8*p + 7. Suppose -3*j - 9 - 6 = 5*y, -3*j - 15 = -y. What is the units digit of n(j)?
7
Suppose -3*b + 44 = -52. Suppose 5*h - 44 = -p + b, -36 = -3*h - 3*p. Suppose h = 5*c - 9. What is the units digit of c?
5
Let x be (-4 - -3)*-1 + 3. Suppose -4*b - 36 = -x*q, 4*b + 36 = 3*q + 6. Suppose 2*r = 4*r - q. What is the units digit of r?
3
Suppose -2*w + 5 + 1 = -x, -3*w - x + 9 = 0. What is the units digit of (1*w)/(3/4)?
4
Let m(v) = v**3 - 8*v**2 - 11*v + 13. What is the units digit of m(10)?
3
Let i(g) = g - 8. Let a be i(9). Suppose 0*o - 4*q = -3*o + 12, 0 = -2*o + 5*q + a. What is the units digit of o?
8
Let y(m) = -m**2 - m. Let n be y(-1). What is the units digit of 1 + n/(3 - 5)?
1
What is the units digit of 117 + (4/1 - (3 + -1))?
9
Let s(u) = -4*u**3 - 3*u**2 + u + 8. What is the tens digit of s(-3)?
8
Let c(j) = j + 13. Let d be c(-7). Let b(p) be the first derivative of 3*p**2/2 - p - 3. What is the tens digit of b(d)?
1
Let h be 6*(10/6)/5. Suppose -h*z + 1 = -3. Suppose 3*j - z*i = 44, 2*j = -2*j + i + 52. What is the units digit of j?
2
Suppose -4*y = -728 + 168. What is the hundreds digit of y?
1
Let s = 641 - 384. What is the tens digit of s?
5
Suppose 2*m = 4*m + 4. Let s(w) = 12*w**2 + 25*w + 12. Let a(y) = 3*y**2 + 6*y + 3. Let p(k) = 9*a(k) - 2*s(k). What is the units digit of p(m)?
7
Let l(r) = -r + 1. Suppose -s + 1 + 6 = 0. Let j be l(s). What is the tens digit of (-68)/j - 6/(-9)?
1
Let b be 5/((-10)/6) + 3. Suppose b*x + 10 = z + 3*x, -2*z = -5*x + 13. What is the units digit of z?
1
Suppose -6*w = -4*w - 16. Let k(i) = -w*i - 4 - i**2 - 2 + 0*i**2. What is the units digit of k(-6)?
6
Let m = 160 - 79. What is the units digit of m?
1
Let p be (12/(-3))/(-2) + 0. Suppose p*s = -3*s. Suppose 2*z + t - 3*t - 6 = 0, 5*z - t - 15 = s. What is the units digit of z?
3
Let n be 2/(3 - (-141)/(-45)). Let c = -11 - n. What is the units digit of c?
4
Let f = -12 + 25. Let b = f - -9. What is the units digit of b?
2
Let t(f) = -3*f**3 + f**2 + 2. Suppose -9*v + 4 = -11*v. What is the units digit of t(v)?
0
Suppose p = -5*z + 20, 0*p + 3*p - 16 = -4*z. Let o be (-1 - -2)*(1 - p). What is the tens digit of ((1 - -16) + -2)/o?
1
Let z(v) = v**3 + 4*v**2 - 7*v + 1. Let f be z(-5). Let j = f - -1. What is the units digit of j?
2
Let p be 4 + (2 - 2 - 1). Suppose 0 + 10 = -3*t + 5*u, 4*t - 45 = -5*u. Suppose -3*c = p*s + s - 21, 2*c + 9 = t*s. What is the units digit of s?
3
Let a = 26 - 71. Let t = -21 - a. What is the tens digit of t?
2
What is the units digit of -1 + (-20)/(-3)*144/80?
1
Suppose 0 = -5*l - 0*l. Suppose 4*f - 6*v - 39 = -3*v, l = 2*f + v - 7. What is the units digit of (1/2)/(f/48)?
4
Let c(k) = k**3 - 3*k**2 + 3*k + 4. What is the tens digit of c(4)?
3
What is the hundreds digit of (-4 - (-27)/6)/((-1)/(-276))?
1
Suppose -150 = -5*w - 40. What is the units digit of w?
2
Let l = -43 + 19. Let s = -3 - l. What is the units digit of s?
1
What is the tens digit of -1 + (-2 - -56) - -3?
5
Let d be (0 + -9)/(6/4). Let t(g) be the first derivative of g**4/4 + 2*g**3 - g**2/2 + 2*g + 39. What is the units digit of t(d)?
8
Let b = 48 + 1. Suppose 4*p - 5*o - 32 - b = 0, 4*o = -4*p + 108. What is the tens digit of p?
2
Let k be ((-18)/15)/((-6)/(-20)). Let j be k/7*21/(-6). Suppose -16 = -0*c - j*c. What is the units digit of c?
8
Let c(g) = -1 - g**2 + 1 + 7*g + 5. Let d be c(7). Suppose -3 - d = -s. What is the units digit of s?
8
Let j be (-5)/((-1 + 4)/(-3)). Let i(s) = -5 - 3*s - 4*s**3 + j*s**3 - 2 + 6*s**2. What is the tens digit of i(-6)?
1
Suppose -3*h - 20 = -5*w, 0*w - w + 3*h + 4 = 0. Let b(o) = -w + 0*o + 5*o + 5*o**2 - 3*o + o**3. What is the units digit of b(-3)?
8
Suppose -201 = -5*i + 24. What is the tens digit of i?
4
Suppose -11*i = -17*i + 30. What is the units digit of i?
5
Suppose 38 + 60 = 2*d. Let s = -9 + d. Suppose x - 3*q = -4, -5*x + s + 35 = 4*q. What is the tens digit of x?
1
Suppose -29 - 11 = -4*m. What is the tens digit of m?
1
Let p(m) = m**3 - 13*m**2 - 14*m + 17. Let z be p(14). Let s = z - 7. What is the tens digit of s?
1
Let q = 9 - -51. Suppose a = -3*a + q. What is the tens digit of a?
1
Let v(d) = d**3 - 2*d**2 + 4*d - 4. Let m be v(2). Let a(r) be the first derivative of -r**3/3 + 2*r**2 + 2*r - 1. What is the units digit of a(m)?
2
Let u = -80 - -187. What is the tens digit of u?
0
Suppose -3*f + 25 = -j, 5*f - 26 - 11 = -3*j. What is the units digit of f - (-5 + 2)/(-3)?
7
Suppose -5*b - 2*o = -0*o + 10, 4*b + 2*o + 10 = 0. Let t(a) = a + 1. Let q be t(5). Let p = b + q. What is the units digit of p?
6
Suppose 2 = -3*x + 4*x. Suppose x*n - 45 = 13. What is the units digit of n?
9
Let l = -22 - -22. Suppose -4*v + 2*v + 36 = l. What is the units digit of v?
8
Let m(j) = 2*j**3 + j**2 + j - 1. Let b be m(1). Suppose -b*g + 11 = t, 2*t - 13 = -5*g + 2*g. What is the units digit of g?
3
Let s(a) = 10*a**2 + 4*a + 4. What is the tens digit of s(-3)?
8
Let v be (1*-1)/(3/(-6)). What is the tens digit of ((-49)/14)/(v/(-12))?
2
Let q(a) = a**2 + 16*a - 8. What is the tens digit of q(-20)?
7
Let z(y) be the third derivative of -y**6/120 - y**5/20 + y**4/8 - 7*y**3/6 + 3*y**2. Let x be z(-5). Let r = x + -12. What is the units digit of r?
6
Let y(i) = i**2 + 4*i + 5. Let d be y(-5). Let a = d - -10. What is the units digit of a?
0
Let p = -4 - -3. What is the units digit of (-6)/p*2/3?
4
Let r(o) = 93*o - 3. What is the tens digit of r(1)?
9
Let v(f) = -f**3 - 7*f**2 + 3*f - 5. What is the tens digit of v(-8)?
3
Suppose -702 = -4*g + 2*h, 0 = -2*g - 4*h + 2*h + 342. What is the units digit of g?
4
Suppose -8*g = -6*g - 30. What is the tens digit of g?
1
What is the tens digit of -14 + 11 + 40 + 3 + -2?
3
What is the hundreds digit of (-2)/10 + ((-4207)/5)/(-7)?
1
Suppose -4*v + 20 = v. Suppose 2*j = 54 - v. What is the units digit of j/3 - (-4)/(-12)?
8
Let o = -17 + 24. Let s(f) be the third derivative of f**6/120 - 2*f**5/15 + 7*f**4/24 + 5*f**3/3 + 5*f**2. What is the units digit of s(o)?
0
Suppose 2*g + 3*g = 0. Suppose 5*o - 13 - 7 = g. What is the units digit of o?
4
Let g(c) = -c + 1. Let h(u) = 7*u - 22. Let t(p) = 6*g(p) + h(p). Let r be t(0). Let z = -9 - r. What is the units digit of z?
7
Let c(p) = 2*p + 14. What is the units digit of c(5)?
4
Let w(z) = z**2 - z + 2. Suppose f = 5*j - 25, f = 4*f + 4*j - 20. Let p be w(f). Suppose -m - 4*l = 3, -p*l - 26 = -m - 5. What is the tens digit of m?
1
Let c(t) = -9*t**3 + 2*t. What is the tens digit of c(-2)?
6
Let q be ((-2)/2 - -3) + -3. Let k be (-1 + 2)/(-1) + q. What is the units digit of k/(-8) + 19/4?
5
Let r(i) be the second derivative of -3/2*i**2 - 5/6*i**3 + 2*i - 1/12*i**4 + 0. What is the units digit of r(-2)?
3
Suppose -2*s = -19 - 3. Let v = 17 - s. What is the units digit of v?
6
Let n be ((-59)/2)/(2/(-4)). Let i = 83 - n. Suppose 0*u - 4*u - 2*j + 38 = 0, -2*u - 2*j + i = 0. What is the units digit of u?
7
Let g(q) = -q**3 + 2*q**2 + 6*q + 8. Let p be g(-4). What is the units digit of p/8*(-2)/(-4)?
5
Let s be 22/4 + (-1)/2. Suppose 62 = 3*p + s*j, -j + 46 = -0*p + 3*p. What is the units digit of p?
4
Let s(f) = 0*f + 2*f - f + 6*f. What is the units digit of s(1)?
7
Let a = 11 + -7. Suppose 3*k = a*i - 39, i = -5*k - 0*i - 42. Let w = k + 29. What is the tens digit of w?
2
Let b = 41 + -25. Let r = b - 10. What is the units digit of r?
6
Let t(y) = -y**2 + 5*y + 3. Let k be t(4). Suppose 0 = 4*g + 3 - 11. Suppose -g*v - 5*c = -k*v + 30, v + c = -4. What is the units digit of v?
1
Let v = 53 - 110. Let z = -109 - v. Let q = -37 - z. What is the tens digit of q?
1
Let j be (6/(-5))/((-27)/1170). Let k = j - 32. What is the units digit of k?
0
Suppose 21 = 5*f - 0*b + 2*b, 0 = 4*b - 12. Suppose 5*v = -4*n + 112, -